149?
3
What is the hundreds digit of 1264?
2
What is the thousands digit of 8436?
8
What is the thousands digit of 21952?
1
What is the units digit of 21205?
5
What is the units digit of 22370?
0
What is the ten thousands digit of 66786?
6
What is the hundreds digit of 735?
7
What is the tens digit of 2745?
4
What is the hundreds digit of 39073?
0
What is the tens digit of 227?
2
What is the thousands digit of 2447?
2
What is the tens digit of 3141?
4
What is the hundreds digit of 12705?
7
What is the units digit of 165?
5
What is the tens digit of 666?
6
What is the units digit of 4695?
5
What is the units digit of 25754?
4
What is the units digit of 22112?
2
What is the tens digit of 12481?
8
What is the hundreds digit of 547?
5
What is the thousands digit of 1367?
1
What is the thousands digit of 3492?
3
What is the tens digit of 28815?
1
What is the hundreds digit of 6545?
5
What is the tens digit of 1522?
2
What is the thousands digit of 9349?
9
What is the hundreds digit of 984?
9
What is the tens digit of 68207?
0
What is the units digit of 38235?
5
What is the hundreds digit of 2856?
8
What is the tens digit of 1921?
2
What is the units digit of 778?
8
What is the units digit of 2670?
0
What is the units digit of 48584?
4
What is the units digit of 9675?
5
What is the tens digit of 1285?
8
What is the tens digit of 5985?
8
What is the hundreds digit of 105213?
2
What is the hundreds digit of 82481?
4
What is the thousands digit of 52844?
2
What is the tens digit of 70?
7
What is the thousands digit of 13032?
3
What is the units digit of 2488?
8
What is the units digit of 4480?
0
What is the units digit of 2467?
7
What is the thousands digit of 68306?
8
What is the thousands digit of 7514?
7
What is the tens digit of 11294?
9
What is the thousands digit of 1459?
1
What is the ten thousands digit of 72958?
7
What is the tens digit of 11653?
5
What is the hundreds digit of 8711?
7
What is the thousands digit of 6209?
6
What is the tens digit of 134?
3
What is the units digit of 4447?
7
What is the units digit of 3897?
7
What is the ten thousands digit of 24995?
2
What is the tens digit of 13409?
0
What is the units digit of 18952?
2
What is the units digit of 3468?
8
What is the ten thousands digit of 10634?
1
What is the units digit of 3893?
3
What is the units digit of 1047?
7
What is the tens digit of 1942?
4
What is the units digit of 81342?
2
What is the units digit of 10126?
6
What is the thousands digit of 6272?
6
What is the units digit of 3534?
4
What is the units digit of 1242?
2
What is the tens digit of 71863?
6
What is the tens digit of 1355?
5
What is the hundreds digit of 25559?
5
What is the ten thousands digit of 154192?
5
What is the thousands digit of 5303?
5
What is the thousands digit of 77581?
7
What is the units digit of 161728?
8
What is the tens digit of 16329?
2
What is the tens digit of 1007?
0
What is the thousands digit of 46233?
6
What is the units digit of 2323?
3
What is the units digit of 176769?
9
What is the hundreds digit of 27924?
9
What is the thousands digit of 1619?
1
What is the units digit of 1230?
0
What is the units digit of 2279?
9
What is the thousands digit of 23011?
3
What is the tens digit of 9351?
5
What is the ten thousands digit of 11416?
1
What is the tens digit of 87290?
9
What is the hundreds digit of 222?
2
What is the tens digit of 1784?
8
What is the tens digit of 78340?
4
What is the units digit of 689?
9
What is the ten thousands digit of 44577?
4
What is the hundreds digit of 99485?
4
What is the tens digit of 38131?
3
What is the units digit of 28607?
7
What is the units digit of 12856?
6
What is the hundreds digit of 24920?
9
What is the hundreds digit of 23385?
3
What is the tens digit of 2759?
5
What is the ten thousands digit of 144607?
4
What is the thousands digit of 2327?
2
What is the units digit of 1062?
2
What is the thousands digit of 2563?
2
What is the tens digit of 2884?
8
What is the hundreds digit of 10995?
9
What is the units digit of 6294?
4
What is the hundreds digit of 1358?
3
What is the ten thousands digit of 26288?
2
What is the hundreds digit of 1728?
7
What is the units digit of 11808?
8
What is the thousands digit of 13325?
3
What is the units digit of 998?
8
What is the ten thousands digit of 64127?
6
What is the tens digit of 393?
9
What is the hundreds digit of 7773?
7
What is the hundreds digit of 2192?
1
What is the units digit of 800?
0
What is the tens digit of 2253?
5
What is the tens digit of 9569?
6
What is the hundreds digit of 15984?
9
What is the hundreds digit of 4438?
4
What is the hundreds digit of 648?
6
What is the units digit of 54?
4
What is the ten thousands digit of 37866?
3
What is the units digit of 2078?
8
What is the tens digit of 157?
5
What is the hundreds digit of 8939?
9
What is the units digit of 370?
0
What is the units digit of 3792?
2
What is the units digit of 4584?
4
What is the tens digit of 2466?
6
What is the tens digit of 2935?
3
What is the units digit of 52871?
1
What is the tens digit of 383?
8
What is the thousands digit of 15147?
5
What is the tens digit of 80419?
1
What is the units digit of 7356?
6
What is the hundreds digit of 1744?
7
What is the tens digit of 247?
4
What is the units digit of 637?
7
What is the thousands digit of 1068?
1
What is the thousands digit of 8432?
8
What is the tens digit of 1102?
0
What is the ten thousands digit of 133054?
3
What is the hundreds digit of 101701?
7
What is the tens digit of 22569?
6
What is the hundreds digit of 611?
6
What is the units digit of 708?
8
What is the hundreds digit of 864?
8
What is the hundreds digit of 6074?
0
What is the thousands digit of 123468?
3
What is the hundreds digit of 1302?
3
What is the hundreds digit of 1094?
0
What is the tens digit of 3185?
8
What is the thousands digit of 5651?
5
What is the units digit of 2017?
7
What is the thousands digit of 1400?
1
What is the tens digit of 45425?
2
What is the hundreds digit of 209?
2
What is the thousands digit of 2097?
2
What is the units digit of 16986?
6
What is the thousands digit of 1726?
1
What is the tens digit of 482?
8
What is the hundreds digit of 353?
3
What is the ten thousands digit of 54243?
5
What is the hundreds digit of 222?
2
What is the tens digit of 18261?
6
What is the units digit of 33944?
4
What is the tens digit of 4751?
5
What is the ten thousands digit of 11565?
1
What is the tens digit of 9364?
6
What is the thousands digit of 21833?
1
What is the units digit of 39803?
3
What is the units digit of 9916?
6
What is the hundreds digit of 15147?
1
What is the units digit of 60264?
4
What is the hundreds digit of 136?
1
What is the hundreds digit of 114418?
4
What is the units digit of 5204?
4
What is the units digit of 11600?
0
What is the hundreds digit of 1044?
0
What is the units digit of 565?
5
What is the thousands digit of 117548?
7
What is the tens digit of 37892?
9
What is the hundreds digit of 28170?
1
What is the thousands digit of 61270?
1
What is the units digit of 430?
0
What is the hundreds digit of 45043?
0
What is the tens digit of 2132?
3
What is the tens digit of 4612?
1
What is the hundreds digit of 52084?
0
What is the units digit of 110388?
8
What is the thousands digit of 27255?
7
What is the units digit of 1054?
4
What is the hundreds digit of 31483?
4
What is the units digit of 1322?
2
What is the tens digit of 51592?
9
What is the ten thousands digit of 107911?
0
What is the thousands digit of 41331?
1
What is the units digit of 20023?
3
What is the hundreds digit of 1575?
5
What is the hundreds digit of 4764?
7
What is the tens digit of 5192?
9
What is the units digit of 4770?
0
What is the hundreds digit of 866?
8
What is the units digit of 287?
7
What is the thousands digit of 43567?
3
What is the tens digit of 4659?
5
What is the units digit of 67241?
1
What is the units digit of 1496?
6
What is the tens digit of 7728?
2
What is the thousands digit of 4370?
4
What is the hundreds digit of 2514?
5
What is the units digit of 5145?
5
What is the hundreds digit of 191?
1
What is the units digit of 19807?
7
What is the thousands digit of 15963?
5
What is the tens digit of 5602?
0
What is the thousands digit of 13841?
3
What is the tens d